{"id":2398,"date":"2022-04-24T20:43:25","date_gmt":"2022-04-24T20:43:25","guid":{"rendered":"https:\/\/artweast.com\/product\/imperfect-world-72\/"},"modified":"2022-04-24T20:43:25","modified_gmt":"2022-04-24T20:43:25","slug":"imperfect-world-72-2","status":"publish","type":"product","link":"https:\/\/artweast.com\/fr\/produit\/imperfect-world-72-2\/","title":{"rendered":"Imperfect World #72"},"content":{"rendered":"<p>Mat\u00e9riaux utilis\u00e9s : aquarelle, sumi-ink, collage<\/p>\n<p>Ce tableau est vendu avec le cadre<\/p>\n<p><span style=\"font-weight: 400;\">Je suis passionn\u00e9e, mais parfois je cr\u00e9e des barri\u00e8res \u00e9motionnelles.<\/span><\/p>\n<p><span style=\"font-weight: 400;\">Ces sentiments me fatiguent et me rendent confuse, pourtant c\u2019est aussi une protection.<\/span><\/p>\n<p><span style=\"font-weight: 400;\">Je pense que toutes les \u00e9motions sont importantes.<\/span><\/p>\n<p>&nbsp;<\/p>\n","protected":false},"excerpt":{"rendered":"<p><span style=\"font-weight: 400;\">Passion et barri\u00e8res \u00e9motionnelles.<\/span><\/p>\n","protected":false},"featured_media":1993,"template":"","meta":{"_et_pb_use_builder":"","_et_pb_old_content":"","_et_gb_content_width":""},"product_cat":[48],"product_tag":[],"_links":{"self":[{"href":"https:\/\/artweast.com\/fr\/wp-json\/wp\/v3\/product\/2398"}],"collection":[{"href":"https:\/\/artweast.com\/fr\/wp-json\/wp\/v3\/product"}],"about":[{"href":"https:\/\/artweast.com\/fr\/wp-json\/wp\/v2\/types\/product"}],"wp:featuredmedia":[{"embeddable":true,"href":"https:\/\/artweast.com\/fr\/wp-json\/wp\/v2\/media\/1993"}],"wp:attachment":[{"href":"https:\/\/artweast.com\/fr\/wp-json\/wp\/v2\/media?parent=2398"}],"wp:term":[{"taxonomy":"product_cat","embeddable":true,"href":"https:\/\/artweast.com\/fr\/wp-json\/wp\/v2\/product_cat?post=2398"},{"taxonomy":"product_tag","embeddable":true,"href":"https:\/\/artweast.com\/fr\/wp-json\/wp\/v2\/product_tag?post=2398"}],"curies":[{"name":"wp","href":"https:\/\/api.w.org\/{rel}","templated":true}]}}

<p>Matériaux utilisés : aquarelle, sumi-ink, collage</p>
<p>Ce tableau est vendu avec le cadre</p>
<p><span style="font-weight: 400;">Je suis passionnée, mais parfois je crée des barrières émotionnelles.</span></p>
<p><span style="font-weight: 400;">Ces sentiments me fatiguent et me rendent confuse, pourtant c’est aussi une protection.</span></p>
<p><span style="font-weight: 400;">Je pense que toutes les émotions sont importantes.</span></p>
<p>&nbsp;</p>

<p><span style="font-weight: 400;">Passion et barrières émotionnelles.</span></p>
